[INFO] fetching crate ruststalk 0.0.1...
[INFO] checking ruststalk-0.0.1 against try#72f88fc4e9458f89516a0b8b0868f3718aec5b47 for pr-74989
[INFO] extracting crate ruststalk 0.0.1 into /workspace/builds/worker-0/source
[INFO] validating manifest of crates.io crate ruststalk 0.0.1 on toolchain 72f88fc4e9458f89516a0b8b0868f3718aec5b47
[INFO] running `Command { std: "/workspace/cargo-home/bin/cargo" "+72f88fc4e9458f89516a0b8b0868f3718aec5b47" "read-manifest" "--manifest-path" "Cargo.toml", kill_on_drop: false }`
[INFO] started tweaking crates.io crate ruststalk 0.0.1
[INFO] finished tweaking crates.io crate ruststalk 0.0.1
[INFO] tweaked toml for crates.io crate ruststalk 0.0.1 written to /workspace/builds/worker-0/source/Cargo.toml
[INFO] running `Command { std: "/workspace/cargo-home/bin/cargo" "+72f88fc4e9458f89516a0b8b0868f3718aec5b47" "generate-lockfile" "--manifest-path" "Cargo.toml" "-Zno-index-update", kill_on_drop: false }`
[INFO] running `Command { std: "/workspace/cargo-home/bin/cargo" "+72f88fc4e9458f89516a0b8b0868f3718aec5b47" "fetch" "--locked" "--manifest-path" "Cargo.toml", kill_on_drop: false }`
[INFO] [stderr]     Blocking waiting for file lock on package cache
[INFO] running `Command { std: "docker" "create" "-v" "/var/lib/crater-agent-workspace/builds/worker-0/target:/opt/rustwide/target:rw,Z" "-v" "/var/lib/crater-agent-workspace/builds/worker-0/source:/opt/rustwide/workdir:ro,Z" "-v" "/var/lib/crater-agent-workspace/cargo-home:/opt/rustwide/cargo-home:ro,Z" "-v" "/var/lib/crater-agent-workspace/rustup-home:/opt/rustwide/rustup-home:ro,Z" "-e" "SOURCE_DIR=/opt/rustwide/workdir" "-e" "CARGO_TARGET_DIR=/opt/rustwide/target" "-e" "CARGO_HOME=/opt/rustwide/cargo-home" "-e" "RUSTUP_HOME=/opt/rustwide/rustup-home" "-w" "/opt/rustwide/workdir" "-m" "1610612736" "--user" "0:0" "--network" "none" "rustops/crates-build-env@sha256:d92eaeed33fa75130ca1ee6c8a01d1ffb62bac859dfdfb3450e3e5d1c0146529" "/opt/rustwide/cargo-home/bin/cargo" "+72f88fc4e9458f89516a0b8b0868f3718aec5b47" "metadata" "--no-deps" "--format-version=1", kill_on_drop: false }`
[INFO] [stdout] 7b1eb2340e655aebbdb65611998bfef2f1cece581ea55910331963050137ad9f
[INFO] [stderr] WARNING: Your kernel does not support swap limit capabilities or the cgroup is not mounted. Memory limited without swap.
[INFO] running `Command { std: "docker" "start" "-a" "7b1eb2340e655aebbdb65611998bfef2f1cece581ea55910331963050137ad9f", kill_on_drop: false }`
[INFO] running `Command { std: "docker" "inspect" "7b1eb2340e655aebbdb65611998bfef2f1cece581ea55910331963050137ad9f", kill_on_drop: false }`
[INFO] running `Command { std: "docker" "rm" "-f" "7b1eb2340e655aebbdb65611998bfef2f1cece581ea55910331963050137ad9f", kill_on_drop: false }`
[INFO] [stdout] 7b1eb2340e655aebbdb65611998bfef2f1cece581ea55910331963050137ad9f
[INFO] running `Command { std: "docker" "create" "-v" "/var/lib/crater-agent-workspace/builds/worker-0/target:/opt/rustwide/target:rw,Z" "-v" "/var/lib/crater-agent-workspace/builds/worker-0/source:/opt/rustwide/workdir:ro,Z" "-v" "/var/lib/crater-agent-workspace/cargo-home:/opt/rustwide/cargo-home:ro,Z" "-v" "/var/lib/crater-agent-workspace/rustup-home:/opt/rustwide/rustup-home:ro,Z" "-e" "SOURCE_DIR=/opt/rustwide/workdir" "-e" "CARGO_TARGET_DIR=/opt/rustwide/target" "-e" "CARGO_INCREMENTAL=0" "-e" "RUST_BACKTRACE=full" "-e" "RUSTFLAGS=--cap-lints=forbid" "-e" "CARGO_HOME=/opt/rustwide/cargo-home" "-e" "RUSTUP_HOME=/opt/rustwide/rustup-home" "-w" "/opt/rustwide/workdir" "-m" "1610612736" "--user" "0:0" "--network" "none" "rustops/crates-build-env@sha256:d92eaeed33fa75130ca1ee6c8a01d1ffb62bac859dfdfb3450e3e5d1c0146529" "/opt/rustwide/cargo-home/bin/cargo" "+72f88fc4e9458f89516a0b8b0868f3718aec5b47" "check" "--frozen" "--all" "--all-targets" "--message-format=json", kill_on_drop: false }`
[INFO] [stdout] 33cde3ec7803f24592babc971e26f2d161416b03f87a65ccfd8cf7641b7bea08
[INFO] [stderr] WARNING: Your kernel does not support swap limit capabilities or the cgroup is not mounted. Memory limited without swap.
[INFO] running `Command { std: "docker" "start" "-a" "33cde3ec7803f24592babc971e26f2d161416b03f87a65ccfd8cf7641b7bea08", kill_on_drop: false }`
[INFO] [stderr]     Checking ruststalk v0.0.1 (/opt/rustwide/workdir)
[INFO] [stdout] error[E0432]: unresolved import `std::io::TcpStream`
[INFO] [stdout]  --> src/lib.rs:1:5
[INFO] [stdout]   |
[INFO] [stdout] 1 | use std::io::TcpStream;
[INFO] [stdout]   |     ^^^^^^^^^^^^^^^^^^ no `TcpStream` in `io`
[INFO] [stdout] 
[INFO] [stdout] 
[INFO] [stdout] error[E0432]: unresolved import `std::io::TcpStream`
[INFO] [stdout]  --> src/lib.rs:1:5
[INFO] [stdout]   |
[INFO] [stdout] 1 | use std::io::TcpStream;
[INFO] [stdout]   |     ^^^^^^^^^^^^^^^^^^ no `TcpStream` in `io`
[INFO] [stdout] 
[INFO] [stdout] 
[INFO] [stdout] error[E0412]: cannot find type `int` in this scope
[INFO] [stdout]   --> src/lib.rs:32:34
[INFO] [stdout]    |
[INFO] [stdout] 32 |     pub fn put(&mut self, priority: int, delay: int, ttr: int, data: &str) -> Result<String, &str> {
[INFO] [stdout]    |                                     ^^^ not found in this scope
[INFO] [stdout] 
[INFO] [stdout] 
[INFO] [stdout] error[E0412]: cannot find type `int` in this scope
[INFO] [stdout]   --> src/lib.rs:32:46
[INFO] [stdout]    |
[INFO] [stdout] 32 |     pub fn put(&mut self, priority: int, delay: int, ttr: int, data: &str) -> Result<String, &str> {
[INFO] [stdout]    |                                                 ^^^ not found in this scope
[INFO] [stdout] 
[INFO] [stdout] 
[INFO] [stdout] error[E0412]: cannot find type `int` in this scope
[INFO] [stdout]   --> src/lib.rs:32:56
[INFO] [stdout]    |
[INFO] [stdout] 32 |     pub fn put(&mut self, priority: int, delay: int, ttr: int, data: &str) -> Result<String, &str> {
[INFO] [stdout]    |                                                           ^^^ not found in this scope
[INFO] [stdout] 
[INFO] [stdout] 
[INFO] [stdout] error[E0412]: cannot find type `int` in this scope
[INFO] [stdout]   --> src/lib.rs:55:50
[INFO] [stdout]    |
[INFO] [stdout] 55 |     pub    fn reserve_with_timeout(&mut self, seconds: int) -> Result<String, &str> {
[INFO] [stdout]    |                                                        ^^^ not found in this scope
[INFO] [stdout] 
[INFO] [stdout] 
[INFO] [stdout] error[E0412]: cannot find type `int` in this scope
[INFO] [stdout]   --> src/lib.rs:60:31
[INFO] [stdout]    |
[INFO] [stdout] 60 |     pub fn delete(&mut self, id: int) -> Result<String, &str> {
[INFO] [stdout]    |                                  ^^^ not found in this scope
[INFO] [stdout] 
[INFO] [stdout] 
[INFO] [stdout] error[E0412]: cannot find type `int` in this scope
[INFO] [stdout]   --> src/lib.rs:65:32
[INFO] [stdout]    |
[INFO] [stdout] 65 |     pub fn release(&mut self, id: int, priority: int, delay: int) -> Result<String, &str> {
[INFO] [stdout]    |                                   ^^^ not found in this scope
[INFO] [stdout] 
[INFO] [stdout] 
[INFO] [stdout] error[E0412]: cannot find type `int` in this scope
[INFO] [stdout]   --> src/lib.rs:65:47
[INFO] [stdout]    |
[INFO] [stdout] 65 |     pub fn release(&mut self, id: int, priority: int, delay: int) -> Result<String, &str> {
[INFO] [stdout]    |                                                  ^^^ not found in this scope
[INFO] [stdout] 
[INFO] [stdout] 
[INFO] [stdout] error[E0412]: cannot find type `int` in this scope
[INFO] [stdout]   --> src/lib.rs:65:59
[INFO] [stdout]    |
[INFO] [stdout] 65 |     pub fn release(&mut self, id: int, priority: int, delay: int) -> Result<String, &str> {
[INFO] [stdout]    |                                                              ^^^ not found in this scope
[INFO] [stdout] 
[INFO] [stdout] 
[INFO] [stdout] error[E0412]: cannot find type `int` in this scope
[INFO] [stdout]   --> src/lib.rs:75:29
[INFO] [stdout]    |
[INFO] [stdout] 75 |     pub fn bury(&mut self, id: int, priority: int) -> Result<String, &str> {
[INFO] [stdout]    |                                ^^^ not found in this scope
[INFO] [stdout] 
[INFO] [stdout] 
[INFO] [stdout] error[E0412]: cannot find type `int` in this scope
[INFO] [stdout]   --> src/lib.rs:75:44
[INFO] [stdout]    |
[INFO] [stdout] 75 |     pub fn bury(&mut self, id: int, priority: int) -> Result<String, &str> {
[INFO] [stdout]    |                                               ^^^ not found in this scope
[INFO] [stdout] 
[INFO] [stdout] 
[INFO] [stdout] error[E0412]: cannot find type `int` in this scope
[INFO] [stdout]   --> src/lib.rs:84:30
[INFO] [stdout]    |
[INFO] [stdout] 84 |     pub fn touch(&mut self, id: int) -> Result<String, &str> {
[INFO] [stdout]    |                                 ^^^ not found in this scope
[INFO] [stdout] 
[INFO] [stdout] 
[INFO] [stdout] error[E0412]: cannot find type `int` in this scope
[INFO] [stdout]   --> src/lib.rs:99:29
[INFO] [stdout]    |
[INFO] [stdout] 99 |     pub fn peek(&mut self, id: int) -> Result<String, &str> {
[INFO] [stdout]    |                                ^^^ not found in this scope
[INFO] [stdout] 
[INFO] [stdout] 
[INFO] [stdout] error[E0412]: cannot find type `int` in this scope
[INFO] [stdout]    --> src/lib.rs:119:32
[INFO] [stdout]     |
[INFO] [stdout] 119 |     pub fn kick(&mut self, bound: int) -> Result<String, &str> {
[INFO] [stdout]     |                                   ^^^ not found in this scope
[INFO] [stdout] 
[INFO] [stdout] 
[INFO] [stdout] error[E0412]: cannot find type `int` in this scope
[INFO] [stdout]    --> src/lib.rs:124:34
[INFO] [stdout]     |
[INFO] [stdout] 124 |     pub fn stats_job(&mut self, id: int) -> Result<String, &str> {
[INFO] [stdout]     |                                     ^^^ not found in this scope
[INFO] [stdout] 
[INFO] [stdout] 
[INFO] [stdout] error[E0412]: cannot find type `int` in this scope
[INFO] [stdout]   --> src/lib.rs:32:34
[INFO] [stdout]    |
[INFO] [stdout] 32 |     pub fn put(&mut self, priority: int, delay: int, ttr: int, data: &str) -> Result<String, &str> {
[INFO] [stdout]    |                                     ^^^ not found in this scope
[INFO] [stdout] 
[INFO] [stdout] 
[INFO] [stdout] error[E0412]: cannot find type `int` in this scope
[INFO] [stdout]   --> src/lib.rs:32:46
[INFO] [stdout]    |
[INFO] [stdout] 32 |     pub fn put(&mut self, priority: int, delay: int, ttr: int, data: &str) -> Result<String, &str> {
[INFO] [stdout]    |                                                 ^^^ not found in this scope
[INFO] [stdout] 
[INFO] [stdout] 
[INFO] [stdout] error[E0412]: cannot find type `int` in this scope
[INFO] [stdout]   --> src/lib.rs:32:56
[INFO] [stdout]    |
[INFO] [stdout] 32 |     pub fn put(&mut self, priority: int, delay: int, ttr: int, data: &str) -> Result<String, &str> {
[INFO] [stdout]    |                                                           ^^^ not found in this scope
[INFO] [stdout] 
[INFO] [stdout] 
[INFO] [stdout] error[E0412]: cannot find type `int` in this scope
[INFO] [stdout]   --> src/lib.rs:55:50
[INFO] [stdout]    |
[INFO] [stdout] 55 |     pub    fn reserve_with_timeout(&mut self, seconds: int) -> Result<String, &str> {
[INFO] [stdout]    |                                                        ^^^ not found in this scope
[INFO] [stdout] 
[INFO] [stdout] 
[INFO] [stdout] error[E0412]: cannot find type `int` in this scope
[INFO] [stdout]   --> src/lib.rs:60:31
[INFO] [stdout]    |
[INFO] [stdout] 60 |     pub fn delete(&mut self, id: int) -> Result<String, &str> {
[INFO] [stdout]    |                                  ^^^ not found in this scope
[INFO] [stdout] 
[INFO] [stdout] 
[INFO] [stdout] error[E0412]: cannot find type `int` in this scope
[INFO] [stdout]   --> src/lib.rs:65:32
[INFO] [stdout]    |
[INFO] [stdout] 65 |     pub fn release(&mut self, id: int, priority: int, delay: int) -> Result<String, &str> {
[INFO] [stdout]    |                                   ^^^ not found in this scope
[INFO] [stdout] 
[INFO] [stdout] 
[INFO] [stdout] error[E0412]: cannot find type `int` in this scope
[INFO] [stdout]   --> src/lib.rs:65:47
[INFO] [stdout]    |
[INFO] [stdout] 65 |     pub fn release(&mut self, id: int, priority: int, delay: int) -> Result<String, &str> {
[INFO] [stdout]    |                                                  ^^^ not found in this scope
[INFO] [stdout] 
[INFO] [stdout] 
[INFO] [stdout] error[E0412]: cannot find type `int` in this scope
[INFO] [stdout]   --> src/lib.rs:65:59
[INFO] [stdout]    |
[INFO] [stdout] 65 |     pub fn release(&mut self, id: int, priority: int, delay: int) -> Result<String, &str> {
[INFO] [stdout]    |                                                              ^^^ not found in this scope
[INFO] [stdout] 
[INFO] [stdout] 
[INFO] [stdout] error[E0412]: cannot find type `int` in this scope
[INFO] [stdout]   --> src/lib.rs:75:29
[INFO] [stdout]    |
[INFO] [stdout] 75 |     pub fn bury(&mut self, id: int, priority: int) -> Result<String, &str> {
[INFO] [stdout]    |                                ^^^ not found in this scope
[INFO] [stdout] 
[INFO] [stdout] 
[INFO] [stdout] error[E0412]: cannot find type `int` in this scope
[INFO] [stdout]   --> src/lib.rs:75:44
[INFO] [stdout]    |
[INFO] [stdout] 75 |     pub fn bury(&mut self, id: int, priority: int) -> Result<String, &str> {
[INFO] [stdout]    |                                               ^^^ not found in this scope
[INFO] [stdout] 
[INFO] [stdout] 
[INFO] [stdout] error[E0412]: cannot find type `int` in this scope
[INFO] [stdout]   --> src/lib.rs:84:30
[INFO] [stdout]    |
[INFO] [stdout] 84 |     pub fn touch(&mut self, id: int) -> Result<String, &str> {
[INFO] [stdout]    |                                 ^^^ not found in this scope
[INFO] [stdout] 
[INFO] [stdout] 
[INFO] [stdout] error[E0412]: cannot find type `int` in this scope
[INFO] [stdout]   --> src/lib.rs:99:29
[INFO] [stdout]    |
[INFO] [stdout] 99 |     pub fn peek(&mut self, id: int) -> Result<String, &str> {
[INFO] [stdout]    |                                ^^^ not found in this scope
[INFO] [stdout] 
[INFO] [stdout] 
[INFO] [stdout] error[E0412]: cannot find type `int` in this scope
[INFO] [stdout]    --> src/lib.rs:119:32
[INFO] [stdout]     |
[INFO] [stdout] 119 |     pub fn kick(&mut self, bound: int) -> Result<String, &str> {
[INFO] [stdout]     |                                   ^^^ not found in this scope
[INFO] [stdout] 
[INFO] [stdout] 
[INFO] [stdout] error[E0412]: cannot find type `int` in this scope
[INFO] [stdout]    --> src/lib.rs:124:34
[INFO] [stdout]     |
[INFO] [stdout] 124 |     pub fn stats_job(&mut self, id: int) -> Result<String, &str> {
[INFO] [stdout]     |                                     ^^^ not found in this scope
[INFO] [stdout] 
[INFO] [stdout] 
[INFO] [stdout] error[E0308]: mismatched types
[INFO] [stdout]   --> src/lib.rs:18:24
[INFO] [stdout]    |
[INFO] [stdout] 18 |         let mut buffer = [0, ..4096];
[INFO] [stdout]    |                              ^^^^^^ expected integer, found struct `RangeTo`
[INFO] [stdout]    |
[INFO] [stdout]    = note: expected type `{integer}`
[INFO] [stdout]             found struct `RangeTo<{integer}>`
[INFO] [stdout] 
[INFO] [stdout] 
[INFO] [stdout] error: aborting due to 16 previous errors
[INFO] [stdout] 
[INFO] [stdout] 
[INFO] [stdout] Some errors have detailed explanations: E0308, E0412, E0432.
[INFO] [stdout] 
[INFO] [stdout] For more information about an error, try `rustc --explain E0308`.
[INFO] [stdout] 
[INFO] [stdout] error[E0308]: mismatched types
[INFO] [stdout]   --> src/lib.rs:18:24
[INFO] [stdout]    |
[INFO] [stdout] 18 |         let mut buffer = [0, ..4096];
[INFO] [stdout]    |                              ^^^^^^ expected integer, found struct `RangeTo`
[INFO] [stdout]    |
[INFO] [stdout]    = note: expected type `{integer}`
[INFO] [stdout]             found struct `RangeTo<{integer}>`
[INFO] [stdout] 
[INFO] [stdout] 
[INFO] [stderr] error: could not compile `ruststalk`.
[INFO] [stderr] 
[INFO] [stderr] To learn more, run the command again with --verbose.
[INFO] [stderr] warning: build failed, waiting for other jobs to finish...
[INFO] [stdout] error: aborting due to 16 previous errors
[INFO] [stdout] 
[INFO] [stdout] 
[INFO] [stdout] Some errors have detailed explanations: E0308, E0412, E0432.
[INFO] [stdout] 
[INFO] [stdout] For more information about an error, try `rustc --explain E0308`.
[INFO] [stdout] 
[INFO] [stderr] error: build failed
[INFO] running `Command { std: "docker" "inspect" "33cde3ec7803f24592babc971e26f2d161416b03f87a65ccfd8cf7641b7bea08", kill_on_drop: false }`
[INFO] running `Command { std: "docker" "rm" "-f" "33cde3ec7803f24592babc971e26f2d161416b03f87a65ccfd8cf7641b7bea08", kill_on_drop: false }`
[INFO] [stdout] 33cde3ec7803f24592babc971e26f2d161416b03f87a65ccfd8cf7641b7bea08
